{"id":1465,"date":"2021-06-07T09:10:28","date_gmt":"2021-06-07T09:10:28","guid":{"rendered":"http:\/\/aventer.themezinho.net\/?page_id=31"},"modified":"2025-03-31T15:43:59","modified_gmt":"2025-03-31T18:43:59","slug":"speakers","status":"publish","type":"page","link":"https:\/\/epidemiologia.epb.udelar.edu.uy\/?page_id=1465","title":{"rendered":"Ejes Tem\u00e1ticos"},"content":{"rendered":"\t\t<div data-elementor-type=\"wp-page\" data-elementor-id=\"1465\" class=\"elementor elementor-1465\">\n\t\t\t\t\t\t\t\t\t<section class=\"elementor-section elementor-top-section elementor-element elementor-element-0f72762 elementor-section-boxed elementor-section-height-default elementor-section-height-default\" data-id=\"0f72762\" data-element_type=\"section\">\n\t\t\t\t\t\t<div class=\"elementor-container elementor-column-gap-default\">\n\t\t\t\t\t<div class=\"elementor-column elementor-col-100 elementor-top-column elementor-element elementor-element-bb6c1f4\" data-id=\"bb6c1f4\" data-element_type=\"column\">\n\t\t\t<div class=\"elementor-widget-wrap elementor-element-populated\">\n\t\t\t\t\t\t\t\t<div class=\"elementor-element elementor-element-b85d6a3 elementor-widget elementor-widget-spacer\" data-id=\"b85d6a3\" data-element_type=\"widget\" data-widget_type=\"spacer.default\">\n\t\t\t\t<div class=\"elementor-widget-container\">\n\t\t\t<style>\/*! elementor - v3.7.7 - 20-09-2022 *\/\n.elementor-column .elementor-spacer-inner{height:var(--spacer-size)}.e-container{--container-widget-width:100%}.e-container>.elementor-widget-spacer{width:var(--container-widget-width,var(--spacer-size));-ms-flex-item-align:stretch;align-self:stretch;-ms-flex-negative:0;flex-shrink:0}.e-container>.elementor-widget-spacer>.elementor-widget-container,.e-container>.elementor-widget-spacer>.elementor-widget-container>.elementor-spacer{height:100%}.e-container>.elementor-widget-spacer>.elementor-widget-container>.elementor-spacer>.elementor-spacer-inner{height:var(--container-widget-height,var(--spacer-size))}<\/style>\t\t<div class=\"elementor-spacer\">\n\t\t\t<div class=\"elementor-spacer-inner\"><\/div>\n\t\t<\/div>\n\t\t\t\t<\/div>\n\t\t\t\t<\/div>\n\t\t\t\t\t<\/div>\n\t\t<\/div>\n\t\t\t\t\t\t\t<\/div>\n\t\t<\/section>\n\t\t\t\t<section class=\"elementor-section elementor-top-section elementor-element elementor-element-f5dedf5 elementor-section-boxed elementor-section-height-default elementor-section-height-default\" data-id=\"f5dedf5\" data-element_type=\"section\">\n\t\t\t\t\t\t<div class=\"elementor-container elementor-column-gap-narrow\">\n\t\t\t\t\t<div class=\"elementor-column elementor-col-100 elementor-top-column elementor-element elementor-element-87832b9\" data-id=\"87832b9\" data-element_type=\"column\">\n\t\t\t<div class=\"elementor-widget-wrap elementor-element-populated\">\n\t\t\t\t\t\t\t\t<div class=\"elementor-element elementor-element-2c11184 elementor-widget elementor-widget-aventer-text-box\" data-id=\"2c11184\" data-element_type=\"widget\" data-widget_type=\"aventer-text-box.default\">\n\t\t\t\t<div class=\"elementor-widget-container\">\n\t\t\t<div class=\"text-box\" data-scroll data-scroll-speed=\"\">\n       <h4 style=\"text-align: center\"><span style=\"color: #000000\">Alfabetizaci\u00f3n en salud y formaci\u00f3n profesional: el rol de la epidemiolog\u00eda.<\/span><\/h4>    <\/div>\n\t\t<\/div>\n\t\t\t\t<\/div>\n\t\t\t\t<div class=\"elementor-element elementor-element-5d7c218 elementor-widget elementor-widget-text-editor\" data-id=\"5d7c218\" data-element_type=\"widget\" data-widget_type=\"text-editor.default\">\n\t\t\t\t<div class=\"elementor-widget-container\">\n\t\t\t<style>\/*! elementor - v3.7.7 - 20-09-2022 *\/\n.elementor-widget-text-editor.elementor-drop-cap-view-stacked .elementor-drop-cap{background-color:#818a91;color:#fff}.elementor-widget-text-editor.elementor-drop-cap-view-framed .elementor-drop-cap{color:#818a91;border:3px solid;background-color:transparent}.elementor-widget-text-editor:not(.elementor-drop-cap-view-default) .elementor-drop-cap{margin-top:8px}.elementor-widget-text-editor:not(.elementor-drop-cap-view-default) .elementor-drop-cap-letter{width:1em;height:1em}.elementor-widget-text-editor .elementor-drop-cap{float:left;text-align:center;line-height:1;font-size:50px}.elementor-widget-text-editor .elementor-drop-cap-letter{display:inline-block}<\/style>\t\t\t\t<p style=\"text-align: center\"><span style=\"font-weight: 400;color: #000000\">Generar un espacio de intercambio sobre el rol y los desaf\u00edos de la salud p\u00fablica y la epidemiolog\u00eda en la alfabetizaci\u00f3n en salud y la formaci\u00f3n de recursos humanos, reflexionando sobre nuevos abordajes, conceptos y perspectivas.<\/span><\/p>\t\t\t\t\t\t<\/div>\n\t\t\t\t<\/div>\n\t\t\t\t<div class=\"elementor-element elementor-element-eed04f7 elementor-widget elementor-widget-heading\" data-id=\"eed04f7\" data-element_type=\"widget\" data-widget_type=\"heading.default\">\n\t\t\t\t<div class=\"elementor-widget-container\">\n\t\t\t<style>\/*! elementor - v3.7.7 - 20-09-2022 *\/\n.elementor-heading-title{padding:0;margin:0;line-height:1}.elementor-widget-heading .elementor-heading-title[class*=elementor-size-]>a{color:inherit;font-size:inherit;line-height:inherit}.elementor-widget-heading .elementor-heading-title.elementor-size-small{font-size:15px}.elementor-widget-heading .elementor-heading-title.elementor-size-medium{font-size:19px}.elementor-widget-heading .elementor-heading-title.elementor-size-large{font-size:29px}.elementor-widget-heading .elementor-heading-title.elementor-size-xl{font-size:39px}.elementor-widget-heading .elementor-heading-title.elementor-size-xxl{font-size:59px}<\/style><h2 class=\"elementor-heading-title elementor-size-default\">Abordaje interdisciplinario en la salud. <\/h2>\t\t<\/div>\n\t\t\t\t<\/div>\n\t\t\t\t\t<\/div>\n\t\t<\/div>\n\t\t\t\t\t\t\t<\/div>\n\t\t<\/section>\n\t\t\t\t<section class=\"elementor-section elementor-top-section elementor-element elementor-element-4873815 elementor-section-boxed elementor-section-height-default elementor-section-height-default\" data-id=\"4873815\" data-element_type=\"section\">\n\t\t\t\t\t\t<div class=\"elementor-container elementor-column-gap-default\">\n\t\t\t\t\t<div class=\"elementor-column elementor-col-100 elementor-top-column elementor-element elementor-element-b205d8b\" data-id=\"b205d8b\" data-element_type=\"column\">\n\t\t\t<div class=\"elementor-widget-wrap elementor-element-populated\">\n\t\t\t\t\t\t\t\t<div class=\"elementor-element elementor-element-e9fd885 elementor-widget elementor-widget-aventer-text-box\" data-id=\"e9fd885\" data-element_type=\"widget\" data-widget_type=\"aventer-text-box.default\">\n\t\t\t\t<div class=\"elementor-widget-container\">\n\t\t\t<div class=\"text-box\" data-scroll data-scroll-speed=\"\">\n       <h4 style=\"text-align: center\"><span style=\"color: #000000\">Salud, ambiente y sociedad.<\/span><\/h4>    <\/div>\n\t\t<\/div>\n\t\t\t\t<\/div>\n\t\t\t\t<div class=\"elementor-element elementor-element-779cc4c elementor-widget elementor-widget-text-editor\" data-id=\"779cc4c\" data-element_type=\"widget\" data-widget_type=\"text-editor.default\">\n\t\t\t\t<div class=\"elementor-widget-container\">\n\t\t\t\t\t\t\t<p style=\"text-align: center\"><span style=\"font-weight: 400;color: #000000\">Se plantea\u00a0 presentar mediante ponencias y exposici\u00f3n de trabajos de investigaci\u00f3n el estado del arte y las experiencias relacionadas con los nuevos desaf\u00edos de salud en el contexto de crisis ambiental y cambio clim\u00e1tico. Se har\u00e1 especial \u00e9nfasis en el an\u00e1lisis en sus diversos aspectos y sus determinantes, sociales, culturales, biom\u00e9dicos, pol\u00edtico, econ\u00f3micos y legales, estrategias para el abordaje de los problemas identificados en salud ambiental, Una salud, Ecosalud y\u00a0 salud socioambiental. Se propiciar\u00e1 una reflexi\u00f3n amplia para la comprensi\u00f3n y sensibilizaci\u00f3n sobre la necesidad de mejorar las condiciones de vida de las generaciones actuales y futuras.<\/span><\/p>\t\t\t\t\t\t<\/div>\n\t\t\t\t<\/div>\n\t\t\t\t\t<\/div>\n\t\t<\/div>\n\t\t\t\t\t\t\t<\/div>\n\t\t<\/section>\n\t\t\t\t<section class=\"elementor-section elementor-top-section elementor-element elementor-element-3ea863c elementor-section-boxed elementor-section-height-default elementor-section-height-default\" data-id=\"3ea863c\" data-element_type=\"section\">\n\t\t\t\t\t\t<div class=\"elementor-container elementor-column-gap-default\">\n\t\t\t\t\t<div class=\"elementor-column elementor-col-100 elementor-top-column elementor-element elementor-element-b85311d\" data-id=\"b85311d\" data-element_type=\"column\">\n\t\t\t<div class=\"elementor-widget-wrap elementor-element-populated\">\n\t\t\t\t\t\t\t\t<div class=\"elementor-element elementor-element-c7a9f2a elementor-widget elementor-widget-aventer-text-box\" data-id=\"c7a9f2a\" data-element_type=\"widget\" data-widget_type=\"aventer-text-box.default\">\n\t\t\t\t<div class=\"elementor-widget-container\">\n\t\t\t<div class=\"text-box\" data-scroll data-scroll-speed=\"\">\n       <h4 style=\"text-align: center\"><span style=\"color: #000000\">Vigilancia y Monitoreo en salud. Nuevas estrategias.<\/span><\/h4>    <\/div>\n\t\t<\/div>\n\t\t\t\t<\/div>\n\t\t\t\t<div class=\"elementor-element elementor-element-c8b60be elementor-widget elementor-widget-text-editor\" data-id=\"c8b60be\" data-element_type=\"widget\" data-widget_type=\"text-editor.default\">\n\t\t\t\t<div class=\"elementor-widget-container\">\n\t\t\t\t\t\t\t<p style=\"text-align: center\"><span style=\"font-weight: 400;color: #000000\">Este eje tem\u00e1tico aborda la integraci\u00f3n de nuevas tecnolog\u00edas, enfoques interdisciplinarios y estrategias de colaboraci\u00f3n para la vigilancia y monitorizaci\u00f3n en salud p\u00fablica. El objetivo es mostrar c\u00f3mo la innovaci\u00f3n puede mejorar la detecci\u00f3n temprana, la respuesta r\u00e1pida y la gesti\u00f3n eficiente de estas condiciones, contribuyendo a sistemas de salud m\u00e1s resilientes y sostenibles. Tambi\u00e9n se identificar\u00e1n los potenciales efectos sobre la tecno-vigilancia\u00a0 de intervenciones diagn\u00f3sticas, terap\u00e9uticas y preventivas revalorizando el rol de la vigilancia en salud. Este eje promueve la reflexi\u00f3n sobre el papel transformador de las nuevas tecnolog\u00edas y enfoques estrat\u00e9gicos para enfrentar los desaf\u00edos globales en salud p\u00fablica, destacando la importancia de un enfoque integrado para enfermedades transmisibles y no transmisibles.<\/span><\/p>\t\t\t\t\t\t<\/div>\n\t\t\t\t<\/div>\n\t\t\t\t\t<\/div>\n\t\t<\/div>\n\t\t\t\t\t\t\t<\/div>\n\t\t<\/section>\n\t\t\t\t<section class=\"elementor-section elementor-top-section elementor-element elementor-element-f513f22 elementor-section-boxed elementor-section-height-default elementor-section-height-default\" data-id=\"f513f22\" data-element_type=\"section\">\n\t\t\t\t\t\t<div class=\"elementor-container elementor-column-gap-default\">\n\t\t\t\t\t<div class=\"elementor-column elementor-col-100 elementor-top-column elementor-element elementor-element-03d25d9\" data-id=\"03d25d9\" data-element_type=\"column\">\n\t\t\t<div class=\"elementor-widget-wrap elementor-element-populated\">\n\t\t\t\t\t\t\t\t<div class=\"elementor-element elementor-element-a323f89 elementor-widget elementor-widget-aventer-text-box\" data-id=\"a323f89\" data-element_type=\"widget\" data-widget_type=\"aventer-text-box.default\">\n\t\t\t\t<div class=\"elementor-widget-container\">\n\t\t\t<div class=\"text-box\" data-scroll data-scroll-speed=\"\">\n       <h4 style=\"text-align: center\"><span style=\"color: #000000\">Desaf\u00edos para el Sistema y Servicios de Salud.<\/span><\/h4>    <\/div>\n\t\t<\/div>\n\t\t\t\t<\/div>\n\t\t\t\t<div class=\"elementor-element elementor-element-74575e5 elementor-widget elementor-widget-text-editor\" data-id=\"74575e5\" data-element_type=\"widget\" data-widget_type=\"text-editor.default\">\n\t\t\t\t<div class=\"elementor-widget-container\">\n\t\t\t\t\t\t\t<p style=\"text-align: center\"><span style=\"font-weight: 400;color: #000000\">Se propone abordar las pol\u00edticas y sistemas de salud considerando los cambios demo-epidemiol\u00f3gicos y socioecon\u00f3micos desde una perspectiva de derechos humanos a nivel nacional y regional. Se promover\u00e1 un espacio para el intercambio, la reflexi\u00f3n y el an\u00e1lisis en perspectiva, a partir de la complejidad propia de este tema.\u00a0<\/span><\/p>\t\t\t\t\t\t<\/div>\n\t\t\t\t<\/div>\n\t\t\t\t\t<\/div>\n\t\t<\/div>\n\t\t\t\t\t\t\t<\/div>\n\t\t<\/section>\n\t\t\t\t\t\t\t<\/div>\n\t\t","protected":false},"excerpt":{"rendered":"<p>\/*! elementor &#8211; v3.7.7 &#8211; 20-09-2022 *\/ .elementor-column .elementor-spacer-inner{height:var(&#8211;spacer-size)}.e-container{&#8211;container-widget-width:100%}.e-container&gt;.elementor-widget-spacer{width:var(&#8211;container-widget-width,var(&#8211;spacer-size));-ms-flex-item-align:stretch;align-self:stretch;-ms-flex-negative:0;flex-shrink:0}.e-container&gt;.elementor-widget-spacer&gt;.elementor-widget-container,.e-container&gt;.elementor-widget-spacer&gt;.elementor-widget-container&gt;.elementor-spacer{height:100%}.e-container&gt;.elementor-widget-spacer&gt;.elementor-widget-container&gt;.elementor-spacer&gt;.elementor-spacer-inner{height:var(&#8211;container-widget-height,var(&#8211;spacer-size))} Alfabetizaci\u00f3n en salud y formaci\u00f3n profesional: el rol de la epidemiolog\u00eda. Generar un espacio de intercambio sobre el rol y los desaf\u00edos de la salud p\u00fablica y la epidemiolog\u00eda en la alfabetizaci\u00f3n en salud y la formaci\u00f3n de recursos humanos, reflexionando sobre nuevos abordajes, conceptos y [&hellip;]<\/p>\n","protected":false},"author":1,"featured_media":0,"parent":0,"menu_order":0,"comment_status":"closed","ping_status":"closed","template":"page-builder.php","meta":{"_mi_skip_tracking":false},"aioseo_notices":[],"_links":{"self":[{"href":"https:\/\/epidemiologia.epb.udelar.edu.uy\/index.php?rest_route=\/wp\/v2\/pages\/1465"}],"collection":[{"href":"https:\/\/epidemiologia.epb.udelar.edu.uy\/index.php?rest_route=\/wp\/v2\/pages"}],"about":[{"href":"https:\/\/epidemiologia.epb.udelar.edu.uy\/index.php?rest_route=\/wp\/v2\/types\/page"}],"author":[{"embeddable":true,"href":"https:\/\/epidemiologia.epb.udelar.edu.uy\/index.php?rest_route=\/wp\/v2\/users\/1"}],"replies":[{"embeddable":true,"href":"https:\/\/epidemiologia.epb.udelar.edu.uy\/index.php?rest_route=%2Fwp%2Fv2%2Fcomments&post=1465"}],"version-history":[{"count":141,"href":"https:\/\/epidemiologia.epb.udelar.edu.uy\/index.php?rest_route=\/wp\/v2\/pages\/1465\/revisions"}],"predecessor-version":[{"id":2275,"href":"https:\/\/epidemiologia.epb.udelar.edu.uy\/index.php?rest_route=\/wp\/v2\/pages\/1465\/revisions\/2275"}],"wp:attachment":[{"href":"https:\/\/epidemiologia.epb.udelar.edu.uy\/index.php?rest_route=%2Fwp%2Fv2%2Fmedia&parent=1465"}],"curies":[{"name":"wp","href":"https:\/\/api.w.org\/{rel}","templated":true}]}}