{"id":1669,"date":"2021-08-09T13:18:52","date_gmt":"2021-08-09T16:18:52","guid":{"rendered":"https:\/\/www.epidemiologia.epb.edu.uy\/?page_id=1669"},"modified":"2025-03-25T16:01:05","modified_gmt":"2025-03-25T19:01:05","slug":"editorial","status":"publish","type":"page","link":"https:\/\/epidemiologia.epb.udelar.edu.uy\/?page_id=1669","title":{"rendered":"Editorial"},"content":{"rendered":"\n<p>Les damos la bienvenida a la Segunda Jornada de Epidemiolog\u00eda y Salud P\u00fablica en Uruguay que tendr\u00e1 lugar el 4, 5 y 6 de junio de 2025 en forma presencial en las instalaciones del Campus Parque Batlle de la Universidad de la Rep\u00fablica.<\/p>\n\n\n\n<p>La epidemiolog\u00eda y la salud p\u00fablica como disciplinas cient\u00edficas aportan un cuerpo de conocimiento imprescindible a la hora de tomar decisiones acertadas y dise\u00f1ar intervenciones efectivas en los diferentes campos de la Salud. Esto se evidencio, y tom\u00f3 estado p\u00fablico, en los \u00faltimos a\u00f1os con el desaf\u00edo que supuso la pandemia de COVID-19.<\/p>\n\n\n\n<p>Dado que ambas disciplinas convergen en aspectos te\u00f3ricos y metodol\u00f3gicos, con el objetivo de amplificar el alcance de estas jornadas, se ha dise\u00f1ado un programa que permita el m\u00e1s amplio y diverso intercambio sobre el conocimiento cient\u00edfico, las experiencias pr\u00e1cticas y las pol\u00edticas vigentes. Los temas se estructuran en cuatro ejes principales, que se desarrollar\u00e1n a trav\u00e9s de ponencias , mesas redondas y p\u00f3steres: Alfabetizaci\u00f3n en salud y formaci\u00f3n profesional: el rol de la epidemiolog\u00eda; Salud, ambiente&nbsp; y sociedad;&nbsp; Vigilancia y monitoreo en salud. Nuevas estrategias; Desaf\u00edos para el sistema y servicios de Salud<strong>.<\/strong><\/p>\n\n\n\n<p>Contamos con que las Segundas Jornadas fortalezcan este espacio de intercambio, debate y profundizaci\u00f3n del contexto epidemiol\u00f3gico uruguayo, de sus avances te\u00f3ricos y metodol\u00f3gicos. Se espera tambi\u00e9n que contribuyan a la discusi\u00f3n y construcci\u00f3n, desde la epidemiolog\u00eda y salud p\u00fablica, de estrategias para enfrentar&nbsp; los grandes retos a los que nos enfrentamos como sociedad.&nbsp;<\/p>\n\n\n\n<p>Este comit\u00e9 organizador, conformado por diversos actores del \u00e1rea salud de la Udelar, se honra en compartir este espacio con profesionales comprometidos con la salud p\u00fablica, quienes desempe\u00f1an un papel clave en la formulaci\u00f3n de programas y pol\u00edticas, y su dedicaci\u00f3n nos inspira a seguir adelante.<\/p>\n\n\n\n<p>Agradecemos a quienes han decidido acompa\u00f1arnos en este camino.<\/p>\n\n\n\n<p><\/p>\n","protected":false},"excerpt":{"rendered":"<p>Les damos la bienvenida a la Segunda Jornada de Epidemiolog\u00eda y Salud P\u00fablica en Uruguay que tendr\u00e1 lugar el 4, 5 y 6 de junio de 2025 en forma presencial en las instalaciones del Campus Parque Batlle de la Universidad de la Rep\u00fablica. La epidemiolog\u00eda y la salud p\u00fablica como disciplinas cient\u00edficas aportan un cuerpo [&hellip;]<\/p>\n","protected":false},"author":1,"featured_media":0,"parent":0,"menu_order":0,"comment_status":"closed","ping_status":"closed","template":"","meta":{"_mi_skip_tracking":false},"aioseo_notices":[],"_links":{"self":[{"href":"https:\/\/epidemiologia.epb.udelar.edu.uy\/index.php?rest_route=\/wp\/v2\/pages\/1669"}],"collection":[{"href":"https:\/\/epidemiologia.epb.udelar.edu.uy\/index.php?rest_route=\/wp\/v2\/pages"}],"about":[{"href":"https:\/\/epidemiologia.epb.udelar.edu.uy\/index.php?rest_route=\/wp\/v2\/types\/page"}],"author":[{"embeddable":true,"href":"https:\/\/epidemiologia.epb.udelar.edu.uy\/index.php?rest_route=\/wp\/v2\/users\/1"}],"replies":[{"embeddable":true,"href":"https:\/\/epidemiologia.epb.udelar.edu.uy\/index.php?rest_route=%2Fwp%2Fv2%2Fcomments&post=1669"}],"version-history":[{"count":16,"href":"https:\/\/epidemiologia.epb.udelar.edu.uy\/index.php?rest_route=\/wp\/v2\/pages\/1669\/revisions"}],"predecessor-version":[{"id":2245,"href":"https:\/\/epidemiologia.epb.udelar.edu.uy\/index.php?rest_route=\/wp\/v2\/pages\/1669\/revisions\/2245"}],"wp:attachment":[{"href":"https:\/\/epidemiologia.epb.udelar.edu.uy\/index.php?rest_route=%2Fwp%2Fv2%2Fmedia&parent=1669"}],"curies":[{"name":"wp","href":"https:\/\/api.w.org\/{rel}","templated":true}]}}